{"id":4659,"date":"2025-11-06T09:51:11","date_gmt":"2025-11-06T08:51:11","guid":{"rendered":"https:\/\/lesfeesdesherbes85.fr\/?post_type=product&#038;p=4659"},"modified":"2026-01-30T18:45:23","modified_gmt":"2026-01-30T17:45:23","slug":"souffle-des-herbes","status":"publish","type":"product","link":"https:\/\/lesfeesdesherbes85.fr\/product\/souffle-des-herbes\/","title":{"rendered":"baume Souffle des herbes- confort respiratoire"},"content":{"rendered":"<p>Baume de massage thorax pour apaiser les manifestations des refroidissements.<\/p>\n<p>Un baume aromatique qui lib\u00e8re la respiration et invite \u00e0 retrouver la l\u00e9g\u00e8ret\u00e9 du grand air.<\/p>\n","protected":false},"excerpt":{"rendered":"<p>Un baume riche de plantes soigneusement choisies pour un souffle lib\u00e9r\u00e9.<\/p>\n","protected":false},"featured_media":4660,"comment_status":"closed","ping_status":"closed","template":"","meta":[],"product_brand":[],"product_cat":[46],"product_tag":[],"class_list":{"0":"post-4659","1":"product","2":"type-product","3":"status-publish","4":"has-post-thumbnail","6":"product_cat-cosmetiques","8":"first","9":"instock","10":"shipping-taxable","11":"purchasable","12":"product-type-simple"},"aioseo_notices":[],"_links":{"self":[{"href":"https:\/\/lesfeesdesherbes85.fr\/nov-apijson\/wp\/v2\/product\/4659","targetHints":{"allow":["GET"]}}],"collection":[{"href":"https:\/\/lesfeesdesherbes85.fr\/nov-apijson\/wp\/v2\/product"}],"about":[{"href":"https:\/\/lesfeesdesherbes85.fr\/nov-apijson\/wp\/v2\/types\/product"}],"replies":[{"embeddable":true,"href":"https:\/\/lesfeesdesherbes85.fr\/nov-apijson\/wp\/v2\/comments?post=4659"}],"wp:featuredmedia":[{"embeddable":true,"href":"https:\/\/lesfeesdesherbes85.fr\/nov-apijson\/wp\/v2\/media\/4660"}],"wp:attachment":[{"href":"https:\/\/lesfeesdesherbes85.fr\/nov-apijson\/wp\/v2\/media?parent=4659"}],"wp:term":[{"taxonomy":"product_brand","embeddable":true,"href":"https:\/\/lesfeesdesherbes85.fr\/nov-apijson\/wp\/v2\/product_brand?post=4659"},{"taxonomy":"product_cat","embeddable":true,"href":"https:\/\/lesfeesdesherbes85.fr\/nov-apijson\/wp\/v2\/product_cat?post=4659"},{"taxonomy":"product_tag","embeddable":true,"href":"https:\/\/lesfeesdesherbes85.fr\/nov-apijson\/wp\/v2\/product_tag?post=4659"}],"curies":[{"name":"wp","href":"https:\/\/api.w.org\/{rel}","templated":true}]}}

<p>Baume de massage thorax pour apaiser les manifestations des refroidissements.</p>
<p>Un baume aromatique qui libère la respiration et invite à retrouver la légèreté du grand air.</p>

<p>Un baume riche de plantes soigneusement choisies pour un souffle libéré.</p>
